{"id":203,"date":"2025-12-05T10:14:22","date_gmt":"2025-12-05T09:14:22","guid":{"rendered":"https:\/\/hcuru.com.es\/wordpress\/?post_type=product&#038;p=203"},"modified":"2025-12-11T11:44:05","modified_gmt":"2025-12-11T10:44:05","slug":"zapatillas-puma","status":"publish","type":"product","link":"https:\/\/hcuru.com.es\/wordpress\/producto\/zapatillas-puma\/","title":{"rendered":"Zapatillas Puma"},"content":{"rendered":"<p>Las PUMA Speedcat han sido un icono de la cultura de las carreras y del estilo urbano durante d\u00e9cadas. Se dieron a conocer como unas zapatillas de automovilismo ultrafinas, dise\u00f1adas para recortar milisegundos en cada vuelta. Luego se convirtieron en una prenda esencial y elegante que inundaron las calles de las capitales mundiales de la moda. Su historia est\u00e1 en constante evoluci\u00f3n, pues las han adoptado desde pioneros hasta referentes de todas las generaciones. Reescribe la historia con este cl\u00e1sico.<br \/>\nModelo: 398846_44<br \/>\nCOLOR: Clyde Royal-Pel\u00e9 Yellow<\/p>\n","protected":false},"excerpt":{"rendered":"<p>Las PUMA Speedcat han sido un icono de la cultura de las carreras y del estilo urbano durante d\u00e9cadas. Se dieron a conocer como unas zapatillas de automovilismo ultrafinas, dise\u00f1adas para recortar milisegundos en cada vuelta. Luego se convirtieron en una prenda esencial y elegante que inundaron las calles de las capitales mundiales de la moda. Su historia est\u00e1 en constante evoluci\u00f3n, pues las han adoptado desde pioneros hasta referentes de todas las generaciones. Reescribe la historia con este cl\u00e1sico.<br \/>\nModelo: 398846_44<br \/>\nCOLOR: Clyde Royal-Pel\u00e9 Yellow<\/p>\n","protected":false},"featured_media":205,"comment_status":"open","ping_status":"closed","template":"","meta":[],"product_brand":[36],"product_cat":[30,32,31],"product_tag":[35,34,33],"class_list":{"0":"post-203","1":"product","2":"type-product","3":"status-publish","4":"has-post-thumbnail","6":"product_brand-puma","7":"product_cat-hombre","8":"product_cat-puma","9":"product_cat-zapatillas","10":"product_tag-casual","11":"product_tag-hombre","12":"product_tag-running","14":"first","15":"instock","16":"sold-individually","17":"shipping-taxable","18":"purchasable","19":"product-type-simple"},"_links":{"self":[{"href":"https:\/\/hcuru.com.es\/wordpress\/wp-json\/wp\/v2\/product\/203","targetHints":{"allow":["GET"]}}],"collection":[{"href":"https:\/\/hcuru.com.es\/wordpress\/wp-json\/wp\/v2\/product"}],"about":[{"href":"https:\/\/hcuru.com.es\/wordpress\/wp-json\/wp\/v2\/types\/product"}],"replies":[{"embeddable":true,"href":"https:\/\/hcuru.com.es\/wordpress\/wp-json\/wp\/v2\/comments?post=203"}],"wp:featuredmedia":[{"embeddable":true,"href":"https:\/\/hcuru.com.es\/wordpress\/wp-json\/wp\/v2\/media\/205"}],"wp:attachment":[{"href":"https:\/\/hcuru.com.es\/wordpress\/wp-json\/wp\/v2\/media?parent=203"}],"wp:term":[{"taxonomy":"product_brand","embeddable":true,"href":"https:\/\/hcuru.com.es\/wordpress\/wp-json\/wp\/v2\/product_brand?post=203"},{"taxonomy":"product_cat","embeddable":true,"href":"https:\/\/hcuru.com.es\/wordpress\/wp-json\/wp\/v2\/product_cat?post=203"},{"taxonomy":"product_tag","embeddable":true,"href":"https:\/\/hcuru.com.es\/wordpress\/wp-json\/wp\/v2\/product_tag?post=203"}],"curies":[{"name":"wp","href":"https:\/\/api.w.org\/{rel}","templated":true}]}}