{"id":210,"date":"2025-12-05T11:30:20","date_gmt":"2025-12-05T10:30:20","guid":{"rendered":"https:\/\/hcuru.com.es\/wordpress\/?post_type=product&#038;p=210"},"modified":"2025-12-11T11:44:05","modified_gmt":"2025-12-11T10:44:05","slug":"zapatillas-mostro-xc-unisex","status":"publish","type":"product","link":"https:\/\/hcuru.com.es\/wordpress\/producto\/zapatillas-mostro-xc-unisex\/","title":{"rendered":"Zapatillas Mostro XC unisex"},"content":{"rendered":"<p>La Mostro no es una zapatilla para cualquiera. Desde hace m\u00e1s de dos d\u00e9cadas la llevan quienes desaf\u00edan las convenciones y rompen con las normas. La Mostro, que toma su nombre de la palabra italiana para monstruo, es un modelo h\u00edbrido que se inspira en dos mundos muy distintos: los elegantes clavos de sprint de los a\u00f1os 60 y las zapatillas de surf de los 80. A d\u00eda de hoy, sigue cautivando con su caracter\u00edstico dise\u00f1o escultural, su perfil bajo y su moderna suela de tacos. Esta versi\u00f3n, la Mostro XC, es una versi\u00f3n de la original inspirada en las actividades al aire libre.<br \/>\nModelo: 402958_04<br \/>\nCOLOR: Dark Chocolate-Dark Clove<\/p>\n","protected":false},"excerpt":{"rendered":"<p>La Mostro no es una zapatilla para cualquiera. Desde hace m\u00e1s de dos d\u00e9cadas la llevan quienes desaf\u00edan las convenciones y rompen con las normas. La Mostro, que toma su nombre de la palabra italiana para monstruo, es un modelo h\u00edbrido que se inspira en dos mundos muy distintos: los elegantes clavos de sprint de [&hellip;]<\/p>\n","protected":false},"featured_media":222,"comment_status":"closed","ping_status":"closed","template":"","meta":[],"product_brand":[36],"product_cat":[30,32,31],"product_tag":[],"class_list":{"0":"post-210","1":"product","2":"type-product","3":"status-publish","4":"has-post-thumbnail","6":"product_brand-puma","7":"product_cat-hombre","8":"product_cat-puma","9":"product_cat-zapatillas","11":"first","12":"instock","13":"shipping-taxable","14":"purchasable","15":"product-type-variable"},"_links":{"self":[{"href":"https:\/\/hcuru.com.es\/wordpress\/wp-json\/wp\/v2\/product\/210","targetHints":{"allow":["GET"]}}],"collection":[{"href":"https:\/\/hcuru.com.es\/wordpress\/wp-json\/wp\/v2\/product"}],"about":[{"href":"https:\/\/hcuru.com.es\/wordpress\/wp-json\/wp\/v2\/types\/product"}],"replies":[{"embeddable":true,"href":"https:\/\/hcuru.com.es\/wordpress\/wp-json\/wp\/v2\/comments?post=210"}],"wp:featuredmedia":[{"embeddable":true,"href":"https:\/\/hcuru.com.es\/wordpress\/wp-json\/wp\/v2\/media\/222"}],"wp:attachment":[{"href":"https:\/\/hcuru.com.es\/wordpress\/wp-json\/wp\/v2\/media?parent=210"}],"wp:term":[{"taxonomy":"product_brand","embeddable":true,"href":"https:\/\/hcuru.com.es\/wordpress\/wp-json\/wp\/v2\/product_brand?post=210"},{"taxonomy":"product_cat","embeddable":true,"href":"https:\/\/hcuru.com.es\/wordpress\/wp-json\/wp\/v2\/product_cat?post=210"},{"taxonomy":"product_tag","embeddable":true,"href":"https:\/\/hcuru.com.es\/wordpress\/wp-json\/wp\/v2\/product_tag?post=210"}],"curies":[{"name":"wp","href":"https:\/\/api.w.org\/{rel}","templated":true}]}}